e 14?
-14a
What is 20 (base 4) in base 7?
11
10301 (base 4) to base 11
258
23 (base 4) to base 3
102
Convert 14 (base 13) to base 8.
21
Convert -1101 (base 2) to base 10.
-13
Convert 2 (base 11) to base 10.
2
Convert -3 (base 5) to base 9.
-3
Convert -21 (base 4) to base 8.
-11
1010 (base 2) to base 10
10
-10 (base 4) to base 16
-4
Convert 5b (base 12) to base 3.
2122
What is 9 (base 10) in base 3?
100
Convert -1 (base 16) to base 3.
-1
Convert -7 (base 11) to base 12.
-7
0 (base 2) to base 7
0
Convert 7b (base 13) to base 8.
146
What is 5 (base 16) in base 3?
12
-91 (base 12) to base 15
-74
-3 (base 11) to base 14
-3
What is 2 (base 9) in base 2?
10
Convert 35 (base 13) to base 9.
48
Convert 40 (base 10) to base 15.
2a
1a (base 11) to base 5
41
What is -3200 (base 4) in base 16?
-e0
-23 (base 6) to base 14
-11
-8 (base 16) to base 8
-10
13 (base 6) to base 4
21
Convert 16 (base 7) to base 12.
11
8 (base 14) to base 11
8
Convert -4 (base 14) to base 11.
-4
Convert 11 (base 2) to base 8.
3
Convert -3 (base 6) to base 3.
-10
What is -42 (base 14) in base 9?
-64
What is 37 (base 12) in base 7?
61
13 (base 9) to base 12
10
60 (base 9) to base 5
204
Convert 2211 (base 3) to base 5.
301
-163 (base 7) to base 9
-114
5 (base 9) to base 4
11
-27 (base 16) to base 7
-54
What is 0 (base 5) in base 16?
0
What is 4 (base 9) in base 16?
4
Convert -4b (base 15) to base 14.
-51
Convert 223 (base 4) to base 7.
61
Convert -2 (base 6) to base 16.
-2
What is -2 (base 3) in base 7?
-2
-36 (base 9) to base 15
-23
What is -7 (base 12) in base 16?
-7
Convert 43 (base 9) to base 10.
39
-10 (base 2) to base 4
-2
-2 (base 4) to base 16
-2
What is 90 (base 13) in base 6?
313
0 (base 7) to base 2
0
What is 145 (base 8) in base 3?
10202
Convert 5 (base 6) to base 4.
11
Convert 10 (base 3) to base 14.
3
121 (base 10) to base 13
94
Convert 2 (base 3) to base 5.
2
Convert 117 (base 16) to base 4.
10113
Convert 3 (base 10) to base 2.
11
Convert -346 (base 7) to base 16.
-b5
Convert -38 (base 13) to base 16.
-2f
What is 12 (base 6) in base 13?
8
Convert 322 (base 6) to base 10.
122
Convert 3 (base 8) to base 15.
3
What is 11 (base 7) in base 11?
8
223 (base 4) to base 7
61
Convert -10120 (base 3) to base 9.
-116
What is 10 (base 3) in base 6?
3
What is 0 (base 8) in base 16?
0
Convert 3 (base 11) to base 12.
3
What is 7 (base 11) in base 15?
7
1111 (base 2) to base 3
120
-162 (base 9) to base 7
-254
0 (base 6) to base 14
0
Convert -21 (base 8) to base 12.
-15
What is -2b (base 12) in base 4?
-203
24 (base 13) to base 9
33
1132 (base 4) to base 9
114
Convert 4c (base 14) to base 7.
125
What is 3 (base 16) in base 4?
3
What is 1 (base 16) in base 3?
1
Convert -2 (base 4) to base 14.
-2
1 (base 2) to base 10
1
19a (base 12) to base 14
14a
Convert a (base 11) to base 14.
a
-15 (base 6) to base 13
-b
4 (base 16) to base 8
4
Convert 1 (base 2) to base 7.
1
What is 0 (base 15) in base 14?
0
What is 32 (base 15) in base 7?
65
Convert -21 (base 14) to base 11.
-27
What is 225 (base 6) in base 8?
131
Convert 111021 (base 3) to base 13.
217
Convert -302 (base 4) to base 8.
-62
What is 2 (base 16) in base 4?
2
Convert 0 (base 11) to base 13.
0
-16 (base 14) to base 15
-15
-59 (base 10) to base 6
-135
3 (base 13) to base 5
3
What is 2 (base 5) in base 7?
2
What is 0 (base 5) in base 2?
0
Convert 7 (base 10) to base 4.
13
What is -10032 (base 4) in base 11?
-226
-106 (base 10) to base 3
-10221
Convert 18 (base 16) to base 14.
1a
-4 (base 12) to base 8
-4
1 (base 9) to base 3
1
What is -10 (base 15) in base 8?
-17
-321 (base 6) to base 5
-441
What is 13 (base 14) in base 13?
14
What is a (base 15) in base 9?
11
-4 (base 12) to base 5
-4
32 (base 4) to base 13
11
What is 106 (base 13) in base 14?
c7
40 (base 9) to base 15
26
What is -41 (base 16) in base 12?
-55
What is 30 (base 7) in base 6?
33
What is -1 (base 11) in base 14?
-1
Convert 39 (base 12) to base 6.
113
Convert -1 (base 11) to base 13.
-1
What is 0 (base 12) in base 10?
0
What is -d (base 16) in base 8?
-15
26 (base 10) to base 12
22
23 (base 6) to base 5
30
-3 (base 5) to base 11
-3
6 (base 9) to base 15
6
Convert -100 (base 3) to base 5.
-14
Convert 21211 (base 3) to base 11.
182
-3 (base 16) to base 6
-3
Convert -3 (base 14) to base 15.
-3
Convert 1 (base 10) to base 12.
1
71 (base 9) to base 14
48
Convert -89 (base 12) to base 2.
-1101001
Convert -15 (base 6) to base 9.
-12
0 (base 13) to base 15
0
32 (base 4) to base 7
20
What is 8 (base 9) in base 5?
13
What is -1 (base 3) in base 13?
-1
-1c (base 14) to base 6
-42
Convert 85 (base 13) to base 4.
1231
Convert -10 (base 3) to base 2.
-11
-1030 (base 4) to base 15
-51
What is -12 (base 16) in base 13?
-15
Convert 44 (base 12) to base 13.
40
Convert 0 (base 16) to base 15.
0
12021 (base 3) to base 10
142
56 (base 11) to base 6
141
-8 (base 12) to base 3
-22
-1c (base 16) to base 5
-103
16 (base 16) to base 13
19
Convert -22 (base 7) to base 6.
-24
What is -c (base 14) in base 9?
-13
Convert -2002 (base 3) to base 9.
-62
e (base 15) to base 12
12
Convert 101 (base 2) to base 5.
10
-2 (base 10) to base 13
-2
Convert 14 (base 8) to base 2.
1100
Convert -1 (base 9) to base 8.
-1
-a (base 13) to base 9
-11
21 (base 5) to base 10
11
-38 (base 11) to base 15
-2b
Convert -3 (base 9) to base 6.
-3
What is 13 (base 4) in base 9?
7
122 (base 5) to base 6
101
What is -44 (base 12) in base 2?
-110100
313 (base 9) to base 16
ff
Convert 23 (base 15) to base 6.
53
-51 (base 16) to base 8
-121
Convert -261 (base 9) to base 8.
-331
3 (base 13) to base 4
3
4 (base 8) to base 14
4
Convert -133 (base 7) to base 3.
-2201
-3 (base 12) to base 5
-3
What is 13 (base 11) in base 10?
14
126 (base 7) to base 2
1000101
What is 0 (base 9) in base 8?
0
Convert -1 (base 15) to base 14.
-1
Convert 10 (base 3) to base 6.
3
3 (base 12) to base 13
3
Convert 4 (base 15) to base 3.
11
What is 2 (base 9) in base 13?
2
-9 (base 16) to base 12
-9
What is 9 (base 13) in base 3?
100
1f (base 16) to base 4
133
-a (base 13) to base 3
-101
-3 (base 10) to base 11
-3
3 (base 9) to base 10
3
Convert 6 (base 16) to base 5.
11
-b5 (base 15) to base 13
-101
0 (base 4) to base 8
0
Convert 4 (base 11) to base 16.
4
2 (base 4) to base 9
2
What is 38 (base 13) in base 4?
233
Convert 21 (base 10) to base 11.
1a
Convert 10 (base 6) to base 4.
12
103 (base 4) to base 3
201
What is -3 (base 16) in base 4?
-3
Convert -240 (base 8) to base 12.
-114
What is -30 (base 4) in base 5?
-22
Convert 83 (base 12) to base 4.
1203
Convert 7 (base 14) to base 11.
7
What is -2 (base 8) in base 13?
-2
What is -5 (base 6) in base 10?
-5
-16 (base 11) to base 6
-25
2 (base 6) to base 14
2
-80 (base 11) to base 2
-1011000
Convert 4 (base 12) to base 15.
4
Convert 0 (base 4) to base 5.
0
Convert -11 (base 10) to base 2.
-1011
What is -4 (base 14) in base 6?
-4
What is -18 (base 9) in base 14?
-13
What is -12 (base 15) in base 4?
-101
-2022 (base 3) to base 16
-3e
68 (base 14) to base 6
232
-12 (base 15) to base 7
-23
Convert 0 (base 9) to base 5.
0
3 (base 12) to base 8
3
181 (base 10) to base 15
c1
Convert -222 (base 3) to base 13.
-20
-3 (base 10) to base 9
-3
Convert -b (base 13) to base 7.
-14
What is 1 (base 3) in base 4?
1
-9 (base 15) to base 16
-9
What is 3 (base 6) in base 8?
3
-44 (base 9) to base 7
-55
Convert 0 (base 3) to base 9.
0
What is 8 (base 11) in base 7?
11
Convert d2 (base 14) to base 3.
20211
What is 64 (base 8) in base 6?
124
-4 (base 8) to base 10
-4
Convert 104 (base 6) to base 4.
220
Convert -1a (base 16) to base 14.
-1c
Convert -10 (base 2) to base 10.
-2
Convert -58 (base 13) to base 2.
-1001001
What is 1000 (base 3) in base 7?
36
Convert ee (base 15) to base 5.
1344
What is 2 (base 8) in base 5?
2
16 (base 9) to base 8
17
What is -17 (base 12) in base 10?
-19
What is -10 (base 16) in base 4?
-100
Convert b9 (base 15) to base 4.
2232
32 (base 7) to base 16
17
Convert 12 (base 14) to base 13.
13
-85 (base 11) to base 9
-113
Convert 1 (base 9) to base 13.
1
-10 (base 3) to base 10
-3
100 (base 3) to base 5
14
Convert 6 (base 8) to base 10.
6
7 (base 9) to base 11
7
What is -254 (base 6) in base 13?
-82
What is 11 (base 11) in base 5?
22
13 (base 5) to base 7
11
Convert -30 (base 4) to base 15.
-c
What is -2 (base 4) in base